)?
9
Suppose 5*k + 3*o + 13 - 35 = 0, 5*k - 30 = -5*o. Suppose -k*q + 1029 = 5*q. Suppose -5*r + 2*x + 118 + q = 0, -3*x + 265 = 5*r. What is the tens digit of r?
5
Let r(g) = g**3 + 8*g**2 + 5*g - 4. Let b be -1 + -2 + 6 - -25. Let z be (-160)/b + (-8)/28. What is the tens digit of r(z)?
3
Let a(o) = -o**2 - 24*o - 77. Let j be a(-20). What is the units digit of j/(-15) - 13014/(-45)?
9
Let x(c) = -c**3 + 4*c**2 + 39*c - 51. Let s be x(8). Suppose 2*a + 3*q = 753, 3*q + 109 = s*a - 1742. What is the hundreds digit of a?
3
Let q be 42/(-7) - (-13 + -3). Suppose 10*z + q*z - 23060 = 0. What is the tens digit of z?
5
Suppose -9*r = -4*r + 160. Let o be (r/8)/(2/(-74)). Let u = -85 + o. What is the tens digit of u?
6
Let s(u) = u**2 - 22. Let i be s(8). What is the units digit of 440 - (-1)/((-7)/i)?
4
What is the units digit of -24*20/(-480)*1*4517?
7
What is the tens digit of 1/11 + -29809*66/(-4719)?
1
Let c = -20019 - -30213. What is the tens digit of c?
9
Let i(a) = 156*a. Let r(q) = 3. Let u(z) = -2*i(z) - 6*r(z). What is the hundreds digit of u(-3)?
9
Let l = -63 - -111. Let z = l + -28. What is the hundreds digit of 1116/5 - 1 - 4/z?
2
Let k(v) = 827*v + 1379. What is the thousands digit of k(9)?
8
Let w = 2647 + -1029. What is the thousands digit of w?
1
Suppose 15*n + 6318 = 18153. Let u = n - 603. What is the hundreds digit of u?
1
Let m(r) = 158*r**2 - 24*r + 160. What is the tens digit of m(9)?
4
Let o = 3 + 239. Let s = o + -233. What is the units digit of s?
9
Let k(g) = g + 3. Let l be k(-1). Suppose -57*u + l*i + 9247 = -52*u, i = 5*u - 9246. What is the tens digit of u?
4
Suppose c = 3*c + 58. Let n = c - -31. Suppose -5*y + 4*k + 385 = 0, -n*k + 68 = y - k. What is the units digit of y?
3
Let s(l) be the second derivative of -l**5/20 + 7*l**4/12 + 4*l**3/3 - 2*l**2 - 3*l. Let c be s(7). Suppose c = o - 18. What is the units digit of o?
0
Let c be 408994/190 - ((-8)/(-5) - 1). Let u = -864 + c. What is the hundreds digit of u?
2
Suppose 10*l + 2 + 8 = 0. What is the units digit of (56/(-21))/((-475)/(-477) + l)?
6
Let z(p) = -p**2 - 9*p + 2. Let h be z(-9). Suppose -3*t + 88 = -h. What is the tens digit of (4 + -5)/((-2)/t)?
1
Let b(v) = 7*v**2 + 4*v + 8. Let q be b(-4). Suppose -3*p - y - q = -535, 4*y + 148 = p. What is the units digit of p?
4
Let r be (-6)/(-4) - (-36)/8. Let y(b) = 5*b**3 - 26*b**2 + 10*b + 1. What is the units digit of y(r)?
5
Suppose -62784 = 391*g - 400*g. What is the tens digit of g?
7
Let m = 293 - -262. Suppose -5*l + 14*g = 13*g - m, 5*l + 4*g = 530. What is the hundreds digit of l?
1
Let r = -6824 - -10099. What is the hundreds digit of r?
2
What is the thousands digit of -1 - -9188 - (8 - -1)*(-8)/(-18)?
9
Let j = -110 + 114. Suppose -2*f + 5*r = 2*r - 68, 40 = 2*f + j*r. What is the units digit of f?
8
Suppose -11656 = q - 4*q - 2*b, 0 = -3*b + 15. What is the thousands digit of q?
3
Suppose -48*n + 39*n = -13869. Let u = n + -909. What is the tens digit of u?
3
Let c = 1801 + 1480. What is the units digit of c?
1
Let v(m) = -5*m**2 - 40*m - 23. Let q be v(-7). Suppose q*s = 4431 + 321. What is the tens digit of s?
9
Suppose -4*v + 2*x + 439 = 3*x, -v = 3*x - 96. Let b = v - 70. What is the tens digit of b?
4
Let y be (40670/8)/(-5) + 9/12. Let j = -248 - y. What is the units digit of j?
8
Let b(v) = -324*v - 19. Let j(i) = -i - 3. Let d(l) = b(l) - 4*j(l). What is the hundreds digit of d(-1)?
3
Suppose 491*t = 482*t - 9. What is the units digit of 218*4/(-4)*t?
8
Suppose o - 49 = -0*o + 5*l, 0 = -o + 4*l + 44. Suppose -2*x = a - 139, o*x - 134 = -a + 27*x. What is the hundreds digit of a?
1
Let a = -28 + 30. Suppose -2*i = w - 90, -a*w + i + 505 = 3*w. Suppose -z + 3*r = 6*r - w, 2*z - 199 = -5*r. What is the tens digit of z?
9
Suppose 27 = 8*k + 3. Suppose 852 = k*p + 8*j - 4*j, 2*p - 3*j = 585. What is the hundreds digit of (p/(-10))/(7 - (-214)/(-30))?
2
Let k(m) = 9*m - 335. Let n be k(-27). Let c = 1238 + n. What is the tens digit of c?
6
Let r(t) = -2*t**2 + 53*t - 23. Suppose 4*z = -3*c + 22, -5*z - c = -7*z + 16. What is the hundreds digit of r(z)?
2
Let f(i) = 9*i - 8. Let q be f(-2). Let s = -21 - q. Suppose s*o - 745 = -3*n, 4*n - 159 = -o - 10. What is the units digit of o?
9
Let x(h) = -h**3 + h + 6. Let g be x(0). Let j(y) = 0 + 8*y + 7 + 4*y + 2*y + 11*y. What is the tens digit of j(g)?
5
Let r(d) = 12*d**3 - 3*d**2 + 6*d - 5. Let x(t) = -t + 8. Let s be x(6). Suppose 2*c - 5*y - 4 = 0, -3 - 1 = -s*c - 5*y. What is the units digit of r(c)?
1
Suppose -q + 46 = -5*s, 4*s + q = -s - 44. What is the units digit of (-135)/s*258/5?
4
Let z(p) = -p**3 - 4*p**2 + 5*p - 8. Let g be z(-5). Let a be (16/(-3))/((g/3)/4). Suppose -3*i - 5*v = -0*i - 214, 2*v + a = 0. What is the tens digit of i?
7
Suppose -5*q + 7*t + 6175 = 2*t, -10 = 2*t. What is the hundreds digit of q?
2
Let i = -29949 - -45936. What is the units digit of i?
7
Let p(m) = 179 + 4*m + 18*m**2 + 179 - 355. What is the units digit of p(-4)?
5
Let c be 1/(((-9)/(-8))/(-9)). Let a(y) = 2*y**2 + 18*y + 12. Let m be a(c). Let x = 97 + m. What is the tens digit of x?
9
Suppose -12*p + 319 = -p. Suppose 0 = 4*l - 5*o + p - 129, -3*l - o = -75. What is the units digit of l?
5
Suppose -4*g - 6 + 14 = 0. Let t(m) = g + 7*m**2 + 2 + 3*m - 6. What is the tens digit of t(-4)?
9
Let s(y) = -3*y**2 - 4*y + 3. Let v be s(6). Suppose -95 = r - 245. Let q = v + r. What is the units digit of q?
1
What is the thousands digit of 1565*(84/22 + (-6)/(-33))?
6
Suppose -c = -3, -c + 0*c + 3 = 2*w. Suppose -12*t + 15*t - 465 = w. Let i = 254 - t. What is the tens digit of i?
9
Let d = -20 - -24. Suppose -30 = t + t - 5*v, d*t - 4*v = -60. What is the tens digit of (99/t)/((-1)/5)?
3
Let a = -71 - -38. Let l = 364 + a. Let d = 463 - l. What is the hundreds digit of d?
1
Let x(w) = 3*w**3 + 5*w - 1 - 3*w - 1 + 2*w**2 + 4. Let z be x(-2). What is the tens digit of (9 - 18)/(2/z)?
8
What is the tens digit of (2188 - 0) + (-741)/3458 + (-25)/14?
8
Let w = 20576 + -8852. What is the tens digit of w?
2
What is the ten thousands digit of ((-180)/135)/((-16)/765444)?
6
Suppose -4*q + 1829 = w - 3979, -5*w - 2*q + 29022 = 0. What is the thousands digit of w?
5
Let j = 51 + -108. Let z be (12/4 - -94)*-1. Let k = j - z. What is the units digit of k?
0
Suppose 18*c = 17*c. What is the units digit of (666/4 + c)/((-1)/(-2))?
3
Let k(n) = -n**3 - 65*n**2 - 196*n + 252. What is the hundreds digit of k(-62)?
8
Suppose -63*o + 49*o + 10556 = 0. Suppose -o*l - 789 = -755*l. What is the hundreds digit of l?
7
Suppose 25*l = 40881 + 23369. What is the thousands digit of l?
2
Let v = 16958 + -7248. What is the thousands digit of v?
9
Suppose -3*t + 4*m + 117 + 287 = 0, -2*m + 410 = 3*t. Let s = 460 + -316. Suppose t = 5*q - s. What is the units digit of q?
6
Let s = -5688 + 10116. What is the units digit of s?
8
Let x = -65 + 73. Suppose x*a - 17883 = -a. What is the tens digit of a?
8
Let s(y) = 11*y - 2 + y**3 - 4 + 23*y**2 + 9 + 11. What is the tens digit of s(-22)?
5
Let b(i) = 200*i**2 - 119*i - 372. What is the tens digit of b(-3)?
8
Let d = -33 - -21. Let r be 24/(-5)*40/d. What is the tens digit of (4/(-5))/(r/(-1640))?
8
Let d be 1/3 - (-20)/(-6). Let r be d - ((-13)/91 - (-68)/(-14)). What is the tens digit of r - 1 - -1 - -81?
8
Let f = -1630 - -3415. What is the units digit of f?
5
Let s(l) = 3*l**2 + 3*l + 46. Let j be s(-36). Suppose -5*o = 5*d - 4765, -3*o + 4*d + j = 967. What is the units digit of o?
3
Let u = 162 + -157. Suppose x = -3*x, t - u*x - 147 = 0. What is the units digit of t?
7
Let d = -9 + 19. Suppose 0 = 5*p - d, -4*l + 12 - 124 = 4*p. What is the units digit of (168/l)/((-3)/30)?
6
Let a = 31682 - 8571. What is the units digit of a?
1
What is the units digit of ((-600)/(-250))/((-6)/(-38650))?
0
Let q(u) = 5580*u + 108. What is the units digit of q(2)?
8
Suppose -5*x + 38575 = -b + 6*b, -4*x - 3*b + 30855 = 0. What is the units digit of x?
0
Let y(a) = -5*a**3 - 164*a**2 + 192*a + 64. What is the ten thousands digit of y(-36)?
1
Suppose 24*q = -10*q + 23917640. What is the units digit of 1 + 13/(-11) + q/1870?
6
Let j = 3639 - -422. What is the tens digit of j?
6
What is the hundreds digit of (4*3/15)/(9 - (-122439)/(-13605))?
8
Let d(z)